et l = -1 - -2. Let c = l - 2. Let h(a) = -2*a**2 - a + 2*a - 6*a**3 + a**2 + 1. Give h(c).
5
Let b(o) = o**2 + 5*o - 5. Let r = -10 - -12. Suppose -r*c + 6 = -p, -3*c - 4 = p + 2. What is b(p)?
1
Let a(c) be the second derivative of -c**5/15 + c**4/24 - c**3/6 - c**2/2 + 2*c. Let t(f) be the first derivative of a(f). What is t(1)?
-4
Suppose -2 = -77*b + 76*b. Let g(u) = 2*u**3 + u**2 - 3*u + 1. What is g(b)?
15
Let o(u) = 4 + 4*u**2 - 2*u**2 + u**3 - 3*u**2 + 3. Let i(x) = -x**2 - 8*x - 4. Let h be i(-8). Let a = 4 + h. What is o(a)?
7
Let w(d) be the third derivative of -d**6/120 + d**5/12 - d**4/8 - 2*d**3/3 - 33*d**2. Give w(3).
5
Suppose b + 2*b - 4*y = -12, 4*y = 0. Suppose 6*t - 2*t = 4. Let z(w) = -2*w + 5*w + t - 1 + 6. Give z(b).
-6
Let a(b) = 2*b**2 - 1 + 2*b**2 - 3*b**2. Suppose -19*x + 12*x - 7 = 0. Calculate a(x).
0
Let y = -29 + 33. Let m(t) = -8 + 13 - t - t**2 + 5*t. Determine m(y).
5
Let m(k) = 2*k - 2. Suppose 2*j = -2*j + 8. Suppose -3*g - 2*g = -20, u - 10 = g. Suppose -2*r + u = -3*d, -r = -d - j*r + 2. What is m(d)?
-6
Let q(j) be the first derivative of j**4/4 - j**3 - 7*j**2/2 + 6*j - 1. Let y(u) = -u - 2. Let n be y(-4). Let v be n/(-8)*-2*8. Give q(v).
-6
Let m(x) = 6*x - 1. Let b(r) = 13*r - 3. Let t(v) = -2*b(v) + 5*m(v). Calculate t(-3).
-11
Let y = 0 + 4. Let u(w) = -3*w**3 - 3*w**2 + w - 5. Let o(r) = 4*r**3 + 3*r**2 - 2*r + 6. Let f(j) = -4*o(j) - 5*u(j). What is f(y)?
-3
Let p(c) = -c + 12. Let k be p(6). Let d(y) = -13*y - 6 - 2*y**3 - k*y**2 + 11*y + y**3 + 7*y. Give d(-7).
8
Let v(l) = 1 - 2 - l**3 + 0 - 4*l**2 + 5 + 3*l. Calculate v(-3).
-14
Let j(l) = -11*l**3 - 2*l**2 - 3*l + 4. Let d(f) = 21*f**3 + 4*f**2 + 5*f - 7. Let m(u) = -3*d(u) - 5*j(u). Calculate m(-1).
7
Let b(p) = 5*p + 1 + 4 - 5*p**2 + 6*p**2. Let a be (-4)/18 + (-68)/18. Let w be b(a). Let z(j) = 3*j - 1. Calculate z(w).
2
Let a(j) = 2*j + 3. Let h(u) = u + 1. Let q(c) = -a(c) + 5*h(c). Give q(-2).
-4
Let b(t) = -5*t**2 - 1. Let k be b(-1). Let f(a) = a**2 + a**2 + 9 - 7*a**2 + a. Let o(m) = 9*m**2 - m - 17. Let r(n) = k*o(n) - 11*f(n). What is r(3)?
-3
Suppose -2*n + 2 + 2 = 0. Let r(m) = -3*m + 2 - 2*m**3 - 6*m**n + 7*m**2 + 3*m**3. Determine r(-3).
-7
Let o(r) = -r - 1. Suppose -3*h + 2*c - 1 = c, -3*c = -h - 3. Let b be h*(-2)/(-4) + 1. Let q be (-4)/2*b/(-2). Determine o(q).
-2
Let b(w) = -2*w - 3. Suppose 0 = -2*i + 10, 6*i - 40 = -3*k + i. Calculate b(k).
-13
Let f(d) = d**3 + 8*d**2 + 7*d. Let o be f(-7). Let q(h) = h - 1. Let k(m) = 4*m - 2. Let u(j) = 2*k(j) - 7*q(j). What is u(o)?
3
Suppose -7*h = -3*h - 12. Let g(f) = 7*f - 1. Let s(i) be the first derivative of 3*i**2/2 - i + 1. Let d(v) = 2*g(v) - 5*s(v). Determine d(h).
0
Let l(u) be the first derivative of u + 2 + 1/2*u**2. Let g(f) = -2*f - 5. Let j be g(-5). Determine l(j).
6
Let p(n) = -6 + 92*n - 91*n + 2. Determine p(-4).
-8
Let b(v) = -v. Let t = -2 + -4. Let y(x) = -x**3 - 5*x**2 + 6*x - 6. Let c be y(t). Determine b(c).
6
Suppose 4*u - u = 6. Let g(w) be the third derivative of -w**2 - 1/6*w**3 + 0 + 0*w + 1/24*w**4. What is g(u)?
1
Suppose -3*a - g = 7, -3*a - 9 = -2*a - g. Let z(u) = u**3 + 29*u**2 + u + 37. Let l be z(-29). Let x = a + l. Let r(k) = 3*k - 2. Give r(x).
10
Let a = -13 - -19. Suppose -3*q = -a*q - 6. Let r(x) = x**2 + 2*x + 1. Calculate r(q).
1
Let u = -4 - -7. Let q(h) = 2*h + h - h**u - h**2 - 2*h**2 + 2. Suppose 7*m - 18*m = 22. Calculate q(m).
-8
Suppose 0 = -5*m + 3*c, 8*c = -2*m + 3*c. Let q be m - (-2)/((-2)/3). Let v(p) be the first derivative of p**3/3 + p**2 + 2*p + 8. Determine v(q).
5
Let u(x) = -2*x + x - x + x - 6. Calculate u(-4).
-2
Let f be -3*2/6*-1. Let y(m) = f - 3 + 3 - 8*m. Calculate y(-1).
9
Let x(o) be the third derivative of -o**7/2520 - o**6/180 - o**5/60 - 2*o**2. Let s(c) be the third derivative of x(c). Give s(-6).
8
Let u(g) = -g**2 + 6*g - 2. Let q(z) = 30*z. Let y be q(1). Suppose 4*v + y = 6. Let p be -3*(-10)/v*-1. Determine u(p).
3
Let s(p) = p + 7. Let r be s(-5). Suppose -5*g = 15, m + 1 + r = -g. Suppose 3*n - z + 3 = 0, 3*n - 2*z + 6 = -m*z. Let a(c) = c**2 + c - 9. Determine a(n).
-9
Let h(g) = -g - 5. Let u be h(-8). Let d(s) = 4*s**2 - 4*s + 3. Let p(v) = -v**2. Let i(a) = -d(a) - 3*p(a). What is i(u)?
0
Suppose b + 10 = 3*b. Let v(g) = 3*g - 44. Let z(i) = -i + 14. Let p(x) = -2*v(x) - 7*z(x). Give p(b).
-5
Let x = -6 - -8. Let b(z) = -z**2 + 7*z + 7 - 3*z**x + 5*z**2. Determine b(-5).
-3
Let v(u) = -u - 2*u - 2 - 3*u + 8*u. Calculate v(6).
10
Let o(y) = 0*y**3 - y**2 + y + 6*y**3 - 4*y**2 - 3 - 5*y**3. Suppose 4*t = -t + 85. Let m = -12 + t. Give o(m).
2
Let k(p) = p - 1. Let n(b) = -b**2 - 2*b + 2. Let y(g) = 2*k(g) + n(g). Suppose -2*i + 7 = f, 0*f = 3*f - 4*i + 9. What is y(f)?
-1
Let b(r) = r**2 + 8*r + 1. Let a be b(-7). Let l be (a/(-4))/((-3)/(-4)). Let o(t) = -2*t**l - 4 + 3 - t**3 + 0*t**2. Determine o(-3).
8
Let c(p) = -3 - p**3 + 3*p**2 - 1 - p + 0*p**3. Let q be (3 - 11 - -2)/(-2). What is c(q)?
-7
Let h(x) = 2*x**2 + 3*x - 6. Let b(c) = -5*c**2 - 7*c + 12. Let n(l) = -3*b(l) - 7*h(l). Determine n(0).
6
Let l(s) be the third derivative of 7*s**5/60 - 4*s**2. Give l(-1).
7
Let h(f) = -f. Let m be h(3). Let z(j) = -j**2 - 2*j + 2. Give z(m).
-1
Let q(b) be the second derivative of 0 + 1/2*b**3 + 2*b - 3/2*b**2 + 1/12*b**4. Suppose 0 = 3*z + 4*v + 11, 5*z - 4*v + 33 = 4. Give q(z).
7
Let y(a) = a. Let o be (3/(-6))/(4/(-64)). Let m be y(o). Let q(j) = -j**2 + 8*j + 6. Calculate q(m).
6
Let o(b) = -b + 1. Let d(w) = -w**3 - 8*w**2 - w + 3. Let v(t) = -d(t) - 4*o(t). What is v(-7)?
7
Let t(i) = -1. Let b(s) = s - 10. Let q(m) = b(m) - 3*t(m). Let n be q(11). Let a(z) = 3*z + 4. Determine a(n).
16
Let d(p) = -p + 1. Let u(h) = 2*h - 5. Let r = 32 - 17. Let a(n) = r*d(n) + 3*u(n). Give a(1).
-9
Suppose 4*i + 12 = -4. Let n = i - -1. Let l(s) = s**3 + 2*s**2 - 3*s + 4. What is l(n)?
4
Let y(o) = -2*o - 2. Let i(v) = v + 1. Let h(n) = 5*i(n) + 2*y(n). Let w(q) be the first derivative of -q**3/3 + q**2/2 + q + 2. Let k be w(2). Determine h(k).
0
Let f(t) = t**3 + 3*t**2 - 3*t. Let c(h) = 5*h**3 - 5*h**2 - 25. Let l(n) = n**3 - n**2 - 6. Let x(u) = -2*c(u) + 9*l(u). Let j be x(0). Give f(j).
-4
Let a(s) be the third derivative of -s**6/120 - 7*s**5/60 - s**4/12 + 4*s**3/3 - 25*s**2. What is a(-6)?
-16
Suppose -w + 5*c = -2 + 1, 0 = -3*w - 4*c + 3. Let m = 1 - w. Suppose 4*i - 8 = x, m = -i - 2*x + 12 - 1. Let y(d) = -d. What is y(i)?
-3
Let u(s) = -2*s**2 - s - 1. Let w(m) = -m**2 + m - 1. Let q be w(2). Give u(q).
-16
Suppose c - 2*n + 14 = -4*c, 3*c = 2*n - 6. Let y(m) = -m**3 - 4*m**2 + 3*m - 3. What is y(c)?
-15
Let z be 175/(-49) - (-6)/(-14). Let u(g) = -3 + 0*g + 2 - g + 2*g. What is u(z)?
-5
Let g(h) = -h - 6. Suppose 2*j - 11 = d - 3, 5*d - 2*j + 40 = 0. Calculate g(d).
2
Let c(l) = 2*l - 2. Let m be 6/(-9) - 26/6. What is c(m)?
-12
Let c(u) be the first derivative of -u**3/3 + 3*u**2/2 - 2*u - 3. Give c(2).
0
Suppose -5*t = -5*q, 2*t + 0 - 21 = -5*q. Let r(s) = -t*s**2 - 2 + 2*s**3 - 5*s - s**3 - s**2. Determine r(5).
-2
Let r(c) = -c**2 + 6*c + 2. Suppose -i - 5*o + 12 = -3*i, 0 = 4*i - o + 24. Let a be (-1*2)/(i/9). Suppose 0 = 5*q - a*q - 10. Determine r(q).
7
Let y(g) = g**2 - 8*g + 5. Let u be (7/3)/((-10)/(-30)). Calculate y(u).
-2
Let m be -3 - (2 + 0 - 1). Let p(o) = o + 11. Let i be p(-9). Let s(k) = -k - k - i + 7*k + k**2. What is s(m)?
-6
Let o(u) = 2*u + 3. Let g be -3 + (1 - 3) + -1 + 3. Give o(g).
-3
Let v be (-2 - -6)/(-2 + 3). Suppose y + 0*y = 2. Let l(o) = -3*o**2 + 2*o - 3. Let q(t) = 10*t**2 - 5*t + 10. Let p(f) = y*q(f) + 7*l(f). What is p(v)?
-1
Let m(s) be the third derivative of s**4/24 - 8*s**2. Let t(k) = -k**3 + 7*k**2 - 5*k - 4. Let j be t(6). Suppose j*n + a = 2*a - 9, -4*n = 2*a - 2. Give m(n).
-2
Let r(f) be the third derivative of -f**5/30 + f**4/8 - f**3/6 + 9*f**2. Determine r(2).
-3
Let r = -18 - -28. Let p = r + -7. Let m(x) = -x**3 - 5*x**2 + 5 + x**3 - x**p. What is m(-5)?
5
Let w(x) = -2*x**2 - x - 2. Suppose 1 = 4*c - 3*r - 19, c - 22 = 5*r. Determine w(c).
-12
Let d = 77 - 84. Let v(r) = -r + 7. What is v(d)?
14
Suppose -3*m = -m - 16. Let u = m - 3. Let v(g) = -g**2 + 4*g - 1. Calculate v(u).
-6
Let m(u) = 11*u**3 + u**2 - u. Let r be m(1). Suppose